{"id":39,"date":"2022-11-03T13:54:52","date_gmt":"2022-11-03T12:54:52","guid":{"rendered":"http:\/\/rupieciarze.pl\/?page_id=39"},"modified":"2022-11-03T15:21:45","modified_gmt":"2022-11-03T14:21:45","slug":"kontakt","status":"publish","type":"page","link":"https:\/\/rupieciarze.pl\/index.php\/kontakt\/","title":{"rendered":"Kontakt"},"content":{"rendered":"\n<p>Jeszcze si\u0119 zastanawiamy, jak si\u0119 Wam udost\u0119pni\u0107 \ud83d\ude09<\/p>\n","protected":false},"excerpt":{"rendered":"<p>Jeszcze si\u0119 zastanawiamy, jak si\u0119 Wam udost\u0119pni\u0107 \ud83d\ude09<\/p>\n","protected":false},"author":1,"featured_media":0,"parent":0,"menu_order":0,"comment_status":"closed","ping_status":"closed","template":"","meta":{"om_disable_all_campaigns":false,"_monsterinsights_skip_tracking":false,"_monsterinsights_sitenote_active":false,"_monsterinsights_sitenote_note":"","_monsterinsights_sitenote_category":0,"footnotes":""},"class_list":["post-39","page","type-page","status-publish","hentry"],"aioseo_notices":[],"_links":{"self":[{"href":"https:\/\/rupieciarze.pl\/index.php\/wp-json\/wp\/v2\/pages\/39","targetHints":{"allow":["GET"]}}],"collection":[{"href":"https:\/\/rupieciarze.pl\/index.php\/wp-json\/wp\/v2\/pages"}],"about":[{"href":"https:\/\/rupieciarze.pl\/index.php\/wp-json\/wp\/v2\/types\/page"}],"author":[{"embeddable":true,"href":"https:\/\/rupieciarze.pl\/index.php\/wp-json\/wp\/v2\/users\/1"}],"replies":[{"embeddable":true,"href":"https:\/\/rupieciarze.pl\/index.php\/wp-json\/wp\/v2\/comments?post=39"}],"version-history":[{"count":2,"href":"https:\/\/rupieciarze.pl\/index.php\/wp-json\/wp\/v2\/pages\/39\/revisions"}],"predecessor-version":[{"id":71,"href":"https:\/\/rupieciarze.pl\/index.php\/wp-json\/wp\/v2\/pages\/39\/revisions\/71"}],"wp:attachment":[{"href":"https:\/\/rupieciarze.pl\/index.php\/wp-json\/wp\/v2\/media?parent=39"}],"curies":[{"name":"wp","href":"https:\/\/api.w.org\/{rel}","templated":true}]}}