{"id":26,"date":"2022-11-03T13:50:13","date_gmt":"2022-11-03T12:50:13","guid":{"rendered":"http:\/\/rupieciarze.pl\/?page_id=26"},"modified":"2022-11-03T14:54:42","modified_gmt":"2022-11-03T13:54:42","slug":"o-nas","status":"publish","type":"page","link":"https:\/\/rupieciarze.pl\/index.php\/o-nas\/","title":{"rendered":"O nas"},"content":{"rendered":"\n<p>Dw\u00f3ch takich zwyk\u0142ych. Urodzili\u015bmy si\u0119 no i jeste\u015bmy. Jeden ma sentyment do rupieci z czas\u00f3w PRL, drugi sam nie wie co lubi. Razem chodzimy po okolicznych \u015bmietnikach i pr\u00f3bujemy odratowa\u0107 to, co inni wyrzucili, a je\u015bli to niemo\u017cliwe to chocia\u017c staramy si\u0119 to podda\u0107 odpowiedniej &#8222;obr\u00f3bce&#8221;.<\/p>\n","protected":false},"excerpt":{"rendered":"<p>Dw\u00f3ch takich zwyk\u0142ych. Urodzili\u015bmy si\u0119 no i jeste\u015bmy. Jeden ma sentyment do rupieci z czas\u00f3w PRL, drugi sam nie wie co lubi. Razem chodzimy po okolicznych \u015bmietnikach i pr\u00f3bujemy odratowa\u0107 to, co inni wyrzucili, a je\u015bli to niemo\u017cliwe to chocia\u017c staramy si\u0119 to podda\u0107 odpowiedniej &#8222;obr\u00f3bce&#8221;.<\/p>\n","protected":false},"author":1,"featured_media":0,"parent":0,"menu_order":0,"comment_status":"closed","ping_status":"closed","template":"","meta":{"om_disable_all_campaigns":false,"_monsterinsights_skip_tracking":false,"_monsterinsights_sitenote_active":false,"_monsterinsights_sitenote_note":"","_monsterinsights_sitenote_category":0,"footnotes":""},"class_list":["post-26","page","type-page","status-publish","hentry"],"aioseo_notices":[],"_links":{"self":[{"href":"https:\/\/rupieciarze.pl\/index.php\/wp-json\/wp\/v2\/pages\/26","targetHints":{"allow":["GET"]}}],"collection":[{"href":"https:\/\/rupieciarze.pl\/index.php\/wp-json\/wp\/v2\/pages"}],"about":[{"href":"https:\/\/rupieciarze.pl\/index.php\/wp-json\/wp\/v2\/types\/page"}],"author":[{"embeddable":true,"href":"https:\/\/rupieciarze.pl\/index.php\/wp-json\/wp\/v2\/users\/1"}],"replies":[{"embeddable":true,"href":"https:\/\/rupieciarze.pl\/index.php\/wp-json\/wp\/v2\/comments?post=26"}],"version-history":[{"count":3,"href":"https:\/\/rupieciarze.pl\/index.php\/wp-json\/wp\/v2\/pages\/26\/revisions"}],"predecessor-version":[{"id":60,"href":"https:\/\/rupieciarze.pl\/index.php\/wp-json\/wp\/v2\/pages\/26\/revisions\/60"}],"wp:attachment":[{"href":"https:\/\/rupieciarze.pl\/index.php\/wp-json\/wp\/v2\/media?parent=26"}],"curies":[{"name":"wp","href":"https:\/\/api.w.org\/{rel}","templated":true}]}}